 remainder when 416 is divided by 156?
104
What is the remainder when 9 is divided by 1?
0
Calculate the remainder when 1194 is divided by 19.
16
What is the remainder when 502 is divided by 14?
12
Calculate the remainder when 35 is divided by 13.
9
What is the remainder when 2356 is divided by 9?
7
What is the remainder when 3723 is divided by 98?
97
What is the remainder when 390 is divided by 309?
81
What is the remainder when 84 is divided by 18?
12
Calculate the remainder when 263 is divided by 248.
15
Calculate the remainder when 566 is divided by 144.
134
What is the remainder when 958 is divided by 95?
8
What is the remainder when 4723 is divided by 175?
173
Calculate the remainder when 9114 is divided by 94.
90
What is the remainder when 355 is divided by 18?
13
What is the remainder when 304 is divided by 111?
82
Calculate the remainder when 349 is divided by 41.
21
Calculate the remainder when 74 is divided by 61.
13
What is the remainder when 590 is divided by 3?
2
What is the remainder when 42 is divided by 42?
0
Calculate the remainder when 92 is divided by 8.
4
Calculate the remainder when 3071 is divided by 6.
5
Calculate the remainder when 818 is divided by 55.
48
Calculate the remainder when 3945 is divided by 247.
240
Calculate the remainder when 124 is divided by 10.
4
Calculate the remainder when 15 is divided by 12.
3
Calculate the remainder when 428 is divided by 5.
3
Calculate the remainder when 191 is divided by 4.
3
Calculate the remainder when 1377 is divided by 115.
112
Calculate the remainder when 107 is divided by 5.
2
What is the remainder when 691 is divided by 99?
97
Calculate the remainder when 727 is divided by 166.
63
Calculate the remainder when 348 is divided by 14.
12
Calculate the remainder when 36 is divided by 8.
4
What is the remainder when 209 is divided by 64?
17
Calculate the remainder when 173 is divided by 81.
11
Calculate the remainder when 256 is divided by 52.
48
What is the remainder when 286 is divided by 282?
4
Calculate the remainder when 1698 is divided by 743.
212
What is the remainder when 872 is divided by 110?
102
Calculate the remainder when 206 is divided by 5.
1
What is the remainder when 127 is divided by 29?
11
What is the remainder when 16452 is divided by 22?
18
Calculate the remainder when 117 is divided by 20.
17
What is the remainder when 6 is divided by 1?
0
What is the remainder when 169 is divided by 75?
19
What is the remainder when 1220 is divided by 34?
30
Calculate the remainder when 21 is divided by 5.
1
What is the remainder when 470 is divided by 340?
130
What is the remainder when 303 is divided by 59?
8
What is the remainder when 1072 is divided by 215?
212
Calculate the remainder when 38913 is divided by 12.
9
Calculate the remainder when 4607 is divided by 22.
9
Calculate the remainder when 177 is divided by 61.
55
Calculate the remainder when 448 is divided by 75.
73
What is the remainder when 96 is divided by 21?
12
What is the remainder when 135 is divided by 3?
0
Calculate the remainder when 38 is divided by 22.
16
Calculate the remainder when 2819 is divided by 934.
17
What is the remainder when 281 is divided by 24?
17
Calculate the remainder when 2300 is divided by 177.
176
Calculate the remainder when 127 is divided by 26.
23
Calculate the remainder when 46 is divided by 5.
1
Calculate the remainder when 109 is divided by 37.
35
Calculate the remainder when 153 is divided by 39.
36
Calculate the remainder when 1614 is divided by 536.
6
Calculate the remainder when 647 is divided by 8.
7
Calculate the remainder when 67 is divided by 18.
13
Calculate the remainder when 851 is divided by 15.
11
Calculate the remainder when 61 is divided by 23.
15
Calculate the remainder when 682 is divided by 24.
10
What is the remainder when 56 is divided by 43?
13
What is the remainder when 146 is divided by 74?
72
Calculate the remainder when 263 is divided by 38.
35
What is the remainder when 64 is divided by 6?
4
What is the remainder when 2518 is divided by 140?
138
Calculate the remainder when 12321 is divided by 156.
153
What is the remainder when 318 is divided by 14?
10
Calculate the remainder when 35 is divided by 11.
2
What is the remainder when 3003 is divided by 97?
93
What is the remainder when 5641 is divided by 57?
55
What is the remainder when 721 is divided by 38?
37
What is the remainder when 1098 is divided by 97?
31
What is the remainder when 3341 is divided by 28?
9
Calculate the remainder when 1259 is divided by 158.
153
What is the remainder when 3056 is divided by 1018?
2
Calculate the remainder when 451 is divided by 361.
90
Calculate the remainder when 431 is divided by 69.
17
What is the remainder when 461 is divided by 65?
6
Calculate the remainder when 65 is divided by 27.
11
Calculate the remainder when 5907 is divided by 28.
27
Calculate the remainder when 150 is divided by 76.
74
Calculate the remainder when 125 is divided by 16.
13
What is the remainder when 267 is divided by 91?
85
What is the remainder when 215 is divided by 175?
40
What is the remainder when 8187 is divided by 18?
15
What is the remainder when 49 is divided by 42?
7
Calculate the remainder when 42 is divided by 17.
8
What is the remainder when 218 is divided by 70?
8
What is the remainder when 843 is divided by 9?
6
Calculate the remainder when 248 is divided by 17.
10
What is the remainder when 23523 is divided by 6?
3
What is the remainder when 214 is divided by 114?
100
Calculate the remainder when 8080 is divided by 188.
184
What is the remainder when 313 is divided by 35?
33
What is the remainder when 396 is divided by 21?
18
What is the remainder when 2588 is divided by 1294?
0
What is the remainder when 987 is divided by 45?
42
Calculate the remainder when 1468 is divided by 384.
316
Calculate the remainder when 449 is divided by 70.
29
Calculate the remainder when 1171 is divided by 24.
19
Calculate the remainder when 694 is divided by 17.
14
What is the remainder when 612 is divided by 154?
150
What is the remainder when 265 is divided by 71?
52
Calculate the remainder when 354 is divided by 40.
34
Calculate the remainder when 51978 is divided by 59.
58
Calculate the remainder when 1857 is divided by 27.
21
Calculate the remainder when 3636 is divided by 79.
2
Calculate the remainder when 563 is divided by 81.
77
What is the remainder when 20177 is divided by 118?
117
Calculate the remainder when 375 is divided by 47.
46
What is the remainder when 336 is divided by 124?
88
What is the remainder when 1536 is divided by 728?
80
Calculate the remainder when 171 is divided by 35.
31
Calculate the remainder when 171 is divided by 64.
43
Calculate the remainder when 523 is divided by 31.
27
Calculate the remainder when 102 is divided by 83.
19
Calculate the remainder when 351 is divided by 91.
78
Calculate the remainder when 1053 is divided by 23.
18
What is the remainder when 2783 is divided by 31?
24
What is the remainder when 31 is divided by 7?
3
Calculate the remainder when 551 is divided by 24.
23
Calculate the remainder when 1571 is divided by 143.
141
What is the remainder when 1468 is divided by 21?
19
Calculate the remainder when 387 is divided by 17.
13
Calculate the remainder when 6947 is divided by 2295.
62
What is the remainder when 241 is divided by 89?
63
Calculate the remainder when 147 is divided by 62.
23
Calculate the remainder when 591 is divided by 15.
6
What is the remainder when 4483 is divided by 34?
29
What is the remainder when 268 is divided by 68?
64
Calculate the remainder when 272 is divided by 55.
52
What is the remainder when 150 is divided by 94?
56
Calculate the remainder when 300 is divided by 43.
42
What is the remainder when 1318 is divided by 79?
54
What is the remainder when 94 is divided by 42?
10
What is the remainder when 490 is divided by 38?
34
What is the remainder when 545 is divided by 164?
53
Calculate the remainder when 308 is divided by 24.
20
What is the remainder when 514 is divided by 185?
144
Calculate the remainder when 157 is divided by 28.
17
What is the remainder when 860 is divided by 17?
10
What is the remainder when 200 is divided by 22?
2
Calculate the remainder when 557 is divided by 286.
271
What 